 -12) - (1 + -4)
2
1 - (20 - 18 - (1 - 2))
-2
(2 - -2) + 5 - 8
1
What is the value of 0 + -3 - (-4 - (4 - 8))?
-3
What is 44 + -37 + (2 - 5)?
4
What is 10 - 10 - 0 - 0?
0
Calculate 5 + 0 + -5 + 15 + -7.
8
Evaluate 3 + -5 + -3 + 6 + 4.
5
What is the value of 6 + (-6 - (3 + -4))?
1
What is (-3 - (-1 + 5 + -6)) + -4?
-5
3 - ((-1 - -4) + (5 - 6))
1
What is the value of -2 + 1 + (-2 - -11 - 7)?
1
Evaluate (-2 - -2 - 1) + -2.
-3
What is -3 - ((3 - 5) + 0)?
-1
Evaluate 39 - 35 - (1 + 4).
-1
Evaluate 6 - ((7 - 1 - 3) + 3).
0
-1 - -3 - (16 + -14)
0
What is the value of -2 + 0 + -50 + 47?
-5
Calculate (-67 - -67) + (2 + -1 - -1).
2
1 + 3 - (0 - 0 - -1)
3
What is (3 - 17 - -5) + 5 + 2?
-2
What is 10 - (-2 + 7) - (0 - -1)?
4
What is the value of -11 + 6 + -1 + 3?
-3
What is (3 + -1 - (4 - 1)) + -1?
-2
Calculate (-4 + 5 - -7) + -5.
3
Calculate 9 + -1 + (-6 - -2).
4
What is the value of -3 + -1 + (-6 - -3) + 6?
-1
Evaluate (-1 - (-1 - -1)) + -1.
-2
Evaluate -6 - (-2 - 1 - 0).
-3
What is the value of 0 + 0 + -7 + 3?
-4
What is the value of (-6 - -11) + 0 + 1?
6
Calculate 7 - 7 - 2 - -6.
4
What is the value of (15 - 5) + -4 - 2?
4
What is the value of (-1 - -4) + 38 + -34?
7
Calculate -3 - (-10 - -7) - 4 - 3.
-7
Calculate -7 + 11 - (0 + 6).
-2
What is the value of 1 + -1 - (-27 + 20)?
7
What is the value of 3 + 3 - (11 + -8)?
3
6 - (-3 + (0 - -3 - -9))
-3
1 - -5 - (7 + -5 - -6)
-2
Evaluate -1 + -2 + (-8 - (10 + -10)).
-11
Calculate (3 - 1 - 0 - -1) + -4.
-1
(-4 + 1 - (4 + -5)) + 1
-1
What is the value of 3 + 2 + (-13 + -7 - -13)?
-2
What is the value of (-6 - -1) + (1 - -1) + -2?
-5
What is the value of 4 - (-3 + -1) - 6 - 1?
1
12 - (15 + -5 + -3)
5
What is (-9 - (-1 + -4)) + 2?
-2
Calculate 4 - (5 - 1 - (3 - 3)).
0
Calculate -33 + 27 + (2 - -3).
-1
What is 0 - (-11 - 1) - 9?
3
Calculate 1 - ((-1 - 3) + 1).
4
What is -7 - ((8 - 30) + 9)?
6
-2 + 3 + (-4 + 1 - -7)
5
Evaluate 6 - (-6 + 22 + -7).
-3
What is the value of -8 + 13 + 1 + -5?
1
What is (-1 - 4 - 0) + (8 - 6)?
-3
-1 + -1 + -1 + (4 - 4)
-3
Evaluate -86 + 79 - (-8 + 2 - 0).
-1
-4 - ((1 - 5) + 4)
-4
What is 4 + (-1 - -3) - 4?
2
What is 10 + -6 - 6 - (4 + -1)?
-5
Evaluate -4 + (-3 - (-3 + -4)).
0
What is the value of 3 + (-9 - -8 - -2)?
4
-2 + (0 - -9) + -54 + 51
4
Calculate -2 - -18 - (-2 + -17 - -27).
8
What is -5 + 2 - (-18 + 17) - 2?
-4
What is the value of 4 - (0 + 4) - 0?
0
What is 1 + 4 - (42 + -41)?
4
Evaluate 0 + (4 + -2 - 1).
1
What is the value of -1 + 5 + -2 + (1 - -1)?
4
What is the value of 5 - 12 - (2 + -5 - -1)?
-5
Evaluate -8 - 0 - 0 - -6.
-2
Evaluate -2 - (3 + -2 + 2 + -3).
-2
What is -9 + 12 + -1 - 8?
-6
What is -1 + -3 - (-6 - -5)?
-3
Evaluate -3 - (6 - (6 + 5)).
2
Calculate (4 - -5) + 4 + -16.
-3
Calculate -2 + -3 + 0 + 10.
5
What is (4 - -2) + (11 - 15)?
2
Evaluate -6 + 6 + 3 - 1.
2
What is the value of 5 + (6 - (-10 + 18))?
3
Evaluate -2 + 3 + (6 - 3).
4
18 + (-15 - (-10 - -8))
5
-5 + -1 + (5 - (-3 + -3))
5
-6 - (-3 + 3 + -10)
4
(5 - 9) + 9 + -6
-1
What is the value of 26 - 26 - (1 - -4)?
-5
Calculate -2 + 2 + -6 - (-8 + 5).
-3
3 + -1 - (-5 - -4 - 2)
5
-2 + (3 - 11) + 17
7
What is the value of -2 + 1 - (11 + -18)?
6
What is 7 + -8 - (6 + -15 + 5)?
3
Evaluate -1 - (-8 - -3) - 1.
3
Evaluate -6 - (9 + (5 - 25)).
5
-5 + -8 + 2 + (11 - 0)
0
-2 + (6 - (4 + -2)) + -6
-4
Evaluate -7 - (-2 + 13 - 22).
4
What is 14 + -15 + 0 + (2 - 5)?
-4
What is -7 + (3 - (2 - (-2 - -4)))?
-4
What is the value of (3 - 0) + 2 + 0?
5
Evaluate -6 + 0 + (3 - -1).
-2
What is 1 + (-15 - -7) + 5 + 6?
4
Calculate -3 - (3 + (-3 - -2)).
-5
What is the value of (4 - 7) + -1 - -7?
3
What is the value of -3 + (4 - 6) + 1 + 0?
-4
What is 0 + -15 + 8 + 3?
-4
(0 - 0) + 2 - (-2 + 2)
2
(-7 - 8) + 9 + (7 - 0)
1
0 - (1 - (2 - (-1 + 6)))
-4
Calculate (1 - (5 - 6)) + -6 + 4.
0
1 + (11 + -3 - 8 - 5)
-4
Evaluate 3 + (-5 - 1) + -9 + 9.
-3
Evaluate 7 - 3 - (-2 - -2).
4
7 + -6 - (3 + -5) - 7
-4
-3 - (7 + (-8 - -4)) - -2
-4
What is 2 - (0 + -2 + 7)?
-3
Calculate -8 + (6 - (2 - 1)).
-3
Evaluate (5 - 12) + 4 + -2.
-5
What is the value of 21 - 19 - (2 - 1 - 1)?
2
Evaluate -3 + (1 + -1 + 1 - 2).
-4
5 + 0 - (11 - 4)
-2
What is the value of 2 + 1 + -2 + (1 - 1)?
1
What is the value of (0 + -10 - 10) + 14?
-6
Evaluate (-4 - (2 + 3 + -1)) + 3.
-5
Evaluate -4 + (-1 - -5 - 1).
-1
What is (-2 + 4 - 4) + -6?
-8
3 + (2 - (0 - 1))
6
What is 9 + -7 + (-2 - (-5 - -1))?
4
What is the value of (-1 + 7 - (-5 + 8)) + -1?
2
3 - (1 + 0 + 4 + 0)
-2
What is -3 + 2 + -6 + 7 - -4?
4
Calculate -1 - -1 - 2 - (3 - 4).
-1
Evaluate 1 + 3 + -48 + 41.
-3
Calculate (42 - 47) + (2 - -6).
3
Evaluate 2 + -4 + 5 + 0.
3
What is -4 + 6 + -9 + 3 + 0?
-4
Evaluate (-2 - -3) + 2 + -5.
-2
Calculate -1 - (-9 - -6) - -4.
6
Calculate 0 - 4 - (4 - 15 - -4).
3
Calculate 3 - (-3 + (3 - 2)).
5
Evaluate -4 + (-3 - (1 - 3)).
-5
Calculate 2 + (-2 - -7) + -4.
3
Calculate -8 + 9 + -2 + 4.
3
Evaluate -61 + 63 + -5 + -1.
-4
7 + 6 + -9 + -5
-1
Calculate 3 + (3 - 7) + 1.
0
(0 - (-4 + 1)) + (-1 - -1)
3
What is the value of (97 - 100) + 0 + 0?
-3
Evaluate (-4 - (7 - 10)) + (4 - -6).
9
(2 - -2) + -2 - (-2 - -9)
-5
What is (3 - 10) + 11 - (0 + 1)?
3
Evaluate 1 + (-2 - -2) + -3 - -1.
-1
Evaluate 12 + 1 + -1 + 45 + -49.
8
Evaluate (-30 - -26) + 0 + 1 - 2.
-5
What is 0 + 0 + 5 + 0?
5
Evaluate 1 + -4 + 12 + -5.
4
0 - 1 - 3 - (-5 + 1)
0
Evaluate 12 + (11 - 22 - -9).
10
Calculate 1 + -1 + 6 - (-112 + 110).
8
Evaluate -1 + 15 - ((11 - -5) + -9).
7
What is the value of 7 + -3 - (-1 - -1)?
4
What is (4 + -3 - 1) + -2?
-2
2 + (2 - 6) - 3
-5
Evaluate (-5 - (-8 + 2)) + 1.
2
What is 1 + (-3 - -4 - 4)?
-2
Evaluate -15 + -2 + 26 + -2.
7
Calculate -4 + -1 + 0 + 1.
-4
What is the value of 9 + (2 - (2 + 4) - 1)?
4
What is the value of 5 + -7 + (1 - -4) + -4?
-1
Evaluate -2 + (0 - (-5 + -3) - 3).
3
Calculate -9 + 13 - (-4 - (6 + -12)).
2
Calculate -38 - -36 - (-3 + 7 - 2).
-4
What is the value of 23 - 19 - (4 - -5)?
-5
Calculate -7 - (7 - (23 - 3)).
6
What is the value of 0 - (-1 - 0) - 1?
0
Evaluate -8 - (1 + -6 - (-4 - -3)).
-4
What is the value of -5 + (9 + -8 - (2 + -1))?
-5
What is the value of (3 - 6) + 1 + -2?
-4
(7 - 6) + 0 + 4
5
(0 - 2) + (5 - 4 - 4)
-5
What is the value of 0 - (2 + -2 + -3 - -3)?
0
-5 - (-13 - (-4 - 1))
3
What is (0 - 4) + (-11 - -10)?
-5
Calculate 0 - 6 - -8 - (-4 + 4).
2
What is the value of -2 + (-11 - -7) + 0?
-6
What is 3 - 7 - (-4 - 1)?
1
-5 + 1 + (0 - -3 - 2)
-3
Calculate 3 + (2 + 0 - 0) + -4.
1
What is 3 - (19 + -12 + 3)?
-7
Evaluate -3 + 8 + (-2 - 2).
1
Evaluate 1 + 2 + -5 - (-33 + 38).
-7
Calculate (-1 - 0) + -17 + 19 - 5.
-4
What is -3 + (5 - 3) + (0 - 0)?
-1
-11 + 2 + 4 - -3
-2
18 + -15 + (-1 - -2 - 1)
3
2 + -6 - -3 - -2
1
Evaluate 2 + (-7 + 6 - -4).
5
(-24 - 4) + 18 + -1 + 6
-5
Evaluate -5 - ((5 - 2) + -11).
3
Evaluate (1 - (4 + -1)) + 4 + -3.
-1
What is 5 - 1 - (8 - -1)?
-5
Evaluate 6 + -1 + -2 + -7.
-4
What is -5 + 10 + -8 + -5?
-8
Calculate (-4 - 0) + (10 - 1).
5
Calculate -5 + (2 - -1 - 5) + 8.
1
What is the value of 4 + -1 - -2 - 0?
5
7 + (-2 + 3 - (-4 - -12))
0
(-8 - -10) + (-2 - 1)
-1
Calculate -53 + 53 - (1 + 5 + -1).
-5
What is 242 - 263 - (-1 + -12)?
-8
Evaluate 2 + 2 + -3 - 3 - -1.
-1
Evaluate 0 - (0 - 1) - -2 - -1.
4
What is the value of 1 + 0 + (-4 - -4 - 4)?
-3
What is the value of -7 + 7 + (0 - 3) + 2?
-1
What is the value of -9 + 3 - (0 + -10 + -3)?
7
What is the value of 3 + -67 + 72 + (-2 - -1)?
7
What is the value of (-1 - 0 - -1) + 66 + -66?
0
Calculate 2 + -3 + 1 + 2 + -3.
-1
Calculate -2 + (1 - -1 - (2 - 3)).
1
Calculate -4 - (5 + (0 - 12)) - 9.
-6
What is the value of -2 - (0 - (7 - (6 + -4)))?
3
What is the value of (-1 + 1 - (25 - 25)) + -5?
-5
-7 - (-3 + -5 + -4) - 14
-9
Calculate -3 - (2 + 0 + -1).
-4
What is -10 - (-13 + 6) - (-3 + 7)?
-7
Calculate 3 + 7 + -10 + (-1 - 0).
-1
Evaluate 3 - (5 - -2 - 7).
3
What is the value of -4 + 0 + (-3 - -6) + -4?
-5
(2 + 2 - 6) + 4 - 10
-8
What is 15 - 17 - (0 + 1 - 0)?
-3
Evaluate 4 + 0 + 3 + (-9 - -2).
0
What is the value of 1 - 2 - (1 + -1 - -2)?
-3
Calculate 0 - 0 - (-5 - 3 - -5).
3
-9 + 11 - (2 + 0)
0
What is -3 - (6 - 1 - 7)?
-1
Calculate -1 + 1 + -3 + -1 + -1.
-5
What is 1 + -3 + 0 + 0?
-2
Evaluate 3 + (-5 - -3) + 3.
4
What is 7 - (6 - (1 - -2)) - 0?
4
Evaluate (6 - 6 - -5) + -2 + 2.
5
Evaluate -9 - (-7 +